se 11, what is 210a6 + -4?
210a2
In base 15, what is 190 - -40?
1d0
In base 4, what is -120 - 212023220?
-212030000
In base 11, what is 152 - a158?
-a006
In base 5, what is -23010 + 2?
-23003
In base 13, what is -5c542 - 5?
-5c547
In base 9, what is 21 + 253222?
253243
In base 8, what is 134 - -303?
437
In base 9, what is -715002 - 4?
-715006
In base 5, what is -4 - 422100?
-422104
In base 11, what is 7a - -7719?
7798
In base 3, what is 200221 - 200?
200021
In base 7, what is -4 - 5614306?
-5614313
In base 15, what is -32 - 1367?
-1399
In base 11, what is 7aa0 + 18?
8008
In base 10, what is -18645 + -6?
-18651
In base 9, what is -11 + 7068?
7057
In base 9, what is -28727 + -4?
-28732
In base 16, what is -92 + 3d48?
3cb6
In base 8, what is 1276 + 4760?
6256
In base 5, what is 1 - -320020423?
320020424
In base 15, what is 2 - -62a3e?
62a41
In base 14, what is 330a - 0?
330a
In base 14, what is -113792 + 5?
-11378b
In base 3, what is -202010 - 100211?
-1002221
In base 6, what is 45 + 4000445?
4000534
In base 6, what is -504014 - 4?
-504022
In base 13, what is -6597 - 35?
-65cc
In base 4, what is -2122132 + 11310?
-2110222
In base 3, what is 12 + 11211102221?
11211110010
In base 15, what is 1ded + 92?
1e90
In base 16, what is c17a - 4c?
c12e
In base 8, what is -111 - -160?
47
In base 11, what is -23 + -504a?
-5072
In base 3, what is -1 + 1110010101?
1110010100
In base 16, what is 1115 - 2?
1113
In base 3, what is -2 - -101222102200?
101222102121
In base 13, what is 649 + 1?
64a
In base 15, what is -341 - -10?
-331
In base 5, what is 43 + -1303140?
-1303042
In base 10, what is 60263 - -2?
60265
In base 15, what is -9 - -d45c?
d453
In base 16, what is -d2 - -4?
-ce
In base 14, what is 24 - 25c?
-238
In base 13, what is -2 + -8b62?
-8b64
In base 2, what is 1100 - -10101011010101?
10101011100001
In base 3, what is -120210201 - 21001?
-121001202
In base 12, what is -746b16 - -4?
-746b12
In base 14, what is 5 + -26127b?
-261276
In base 6, what is -1115 - 3342?
-4501
In base 10, what is -6 - 104673?
-104679
In base 14, what is -6 - 1022?
-1028
In base 5, what is 31 + 303000?
303031
In base 14, what is -8a3a - 42?
-8a7c
In base 15, what is -92a - -35?
-8e5
In base 11, what is 2771 - 58?
2714
In base 14, what is 1b - -5b7b?
5b98
In base 16, what is -b6c7b + -2?
-b6c7d
In base 9, what is 3 + 10717?
10721
In base 5, what is -10 + 14143013?
14143003
In base 7, what is 0 + 332260?
332260
In base 14, what is -39 - -1097?
105c
In base 13, what is 7200b + -2?
72009
In base 13, what is 12a + 4a10?
4b3a
In base 16, what is -1c - a91e?
-a93a
In base 8, what is 105673 - 40?
105633
In base 2, what is -11110101000010101 - -11?
-11110101000010010
In base 4, what is -2022023 + -20201?
-2102230
In base 5, what is -21122410 - 22?
-21122432
In base 13, what is 79383 + -4?
7937c
In base 7, what is 1216 - 1635?
-416
In base 16, what is 4c - -1e62?
1eae
In base 2, what is 1 + 110000011011100001100?
110000011011100001101
In base 8, what is 6303 - -21?
6324
In base 14, what is -3 + 27dacb?
27dac8
In base 3, what is 1002002022 + 2221?
1002012020
In base 16, what is 2 - 57b0f?
-57b0d
In base 4, what is 10 + -101012313?
-101012303
In base 2, what is -1000111011010100 - -101?
-1000111011001111
In base 8, what is 517220 - 10?
517210
In base 11, what is -a045 - -3?
-a042
In base 8, what is -2377 + -6?
-2405
In base 12, what is -84104 - -3?
-84101
In base 3, what is 0 - 1102110021?
-1102110021
In base 6, what is 4 + 152111?
152115
In base 13, what is c2023 - 4?
c201c
In base 10, what is 11 + 4832?
4843
In base 2, what is 1111101100101111001 - 11?
1111101100101110110
In base 9, what is -8771 + -4?
-8775
In base 7, what is -12455 + -2?
-12460
In base 5, what is -2 - 1131342?
-1131344
In base 16, what is 2e9 + -5e?
28b
In base 14, what is -261c + 56?
-25a6
In base 9, what is 25415 + 2?
25417
In base 15, what is 56de1 + 1?
56de2
In base 5, what is 13 + 13100022?
13100040
In base 13, what is -a + 3515?
3508
In base 15, what is 7 + -1602d?
-16026
In base 16, what is -265ff + 13?
-265ec
In base 7, what is 64 - -65241?
65335
In base 5, what is 20230240 - 0?
20230240
In base 8, what is 4 + -555476?
-555472
In base 10, what is -3 - -190326?
190323
In base 3, what is -1221022110 - -100?
-1221022010
In base 11, what is 6 + -36474?
-36469
In base 2, what is 0 + -1110111011101?
-1110111011101
In base 4, what is 21113 + -1133?
13320
In base 2, what is 10100001000010 + 10110110?
10100011111000
In base 15, what is -14 - -5c4?
5b0
In base 13, what is -17b0b4 - 5?
-17b0b9
In base 3, what is 11010 - 11222210?
-11211200
In base 2, what is -11110 - 111010001?
-111101111
In base 15, what is -32638 - 2?
-3263a
In base 9, what is -47208 - -20?
-47178
In base 12, what is 21a47 - -3?
21a4a
In base 14, what is 0 + -119b?
-119b
In base 9, what is 84 - -1122?
1216
In base 6, what is -31 - -24553?
24522
In base 5, what is -3002224 + -1?
-3002230
In base 16, what is 6c0 + f?
6cf
In base 5, what is 2111043434 - -3?
2111043442
In base 11, what is -1 - 1a8162?
-1a8163
In base 3, what is 2221201 + 12120?
10011021
In base 4, what is 2 + -1101101130?
-1101101122
In base 8, what is -164 - 2550?
-2734
In base 10, what is 2 - -223662?
223664
In base 15, what is -24 + 616?
5e2
In base 13, what is -74533 + 5?
-7452b
In base 13, what is 1 - -4b5?
4b6
In base 16, what is -10d + 762?
655
In base 12, what is 93 + -28519?
-28446
In base 12, what is 2 + -1ba2?
-1ba0
In base 7, what is -356132 + 31?
-356101
In base 16, what is -92 + 122?
90
In base 2, what is 10 - -111110000001111001?
111110000001111011
In base 6, what is 3311 - 532?
2335
In base 8, what is 656331 + 4?
656335
In base 12, what is -565 - -59?
-508
In base 4, what is -211 + 2122111?
2121300
In base 9, what is -553483 - -2?
-553481
In base 16, what is -a + 13d58?
13d4e
In base 9, what is 2 + -707560?
-707557
In base 3, what is 101 + -1010211?
-1010110
In base 15, what is 0 + 16db?
16db
In base 10, what is -192 + 694?
502
In base 5, what is 32 + 11322333?
11322420
In base 12, what is -276049 + 4?
-276045
In base 15, what is -5 + -7506a?
-75070
In base 15, what is 5877 + -e?
5868
In base 9, what is 17 + 2834?
2852
In base 6, what is -2 - -2210534?
2210532
In base 2, what is -1110111111011000 - -10111?
-1110111111000001
In base 4, what is 13 + 3022320?
3022333
In base 5, what is -1432233 + -324?
-1433112
In base 13, what is -1249a + -11?
-124ab
In base 13, what is -48a15a + 0?
-48a15a
In base 5, what is -1231442 + 42?
-1231400
In base 13, what is 1 - 3b64?
-3b63
In base 15, what is 18 + -13759?
-13741
In base 15, what is 0 + 19380a?
19380a
In base 8, what is -3773165 - -2?
-3773163
In base 14, what is 1 + 106bc?
106bd
In base 4, what is -1003131 + -11?
-1003202
In base 13, what is -b07 - 1?
-b08
In base 14, what is -1091 + 0?
-1091
In base 2, what is 10100010000 + -111100?
10011010100
In base 12, what is -1904 + -36?
-193a
In base 6, what is 0 - 20102?
-20102
In base 4, what is 133301 - -1232?
201133
In base 4, what is -23200 - 133?
-23333
In base 5, what is 4 + -114104324?
-114104320
In base 7, what is -3235 + 31?
-3204
In base 4, what is -2030203 - 2032?
-2032301
In base 10, what is 0 + -10826?
-10826
In base 16, what is 61a + -31?
5e9
In base 5, what is 1204 + 23142?
24401
In base 12, what is 15b3 - -9?
1600
In base 15, what is -d + -2811?
-281e
In base 12, what is -1b - 34a9?
-3508
In base 7, what is -6106654 - -4?
-6106650
In base 6, what is 311225 - 4?
311221
In base 13, what is 3 - 1690?
-168a
In base 4, what is -131 - 233330?
-300121
In base 15, what is -9 - 8d9e?
-8da8
In base 8, what is 116107 + -25?
116062
In base 2, what is 10001000 - 1010100000011101?
-1010011110010101
In base 14, what is -1 + -17051?
-17052
In base 14, what is 22d8 - 0?
22d8
In base 4, what is -10033011 + 3?
-10033002
In base 15, what is e8 + 1ae?
2a7
In base 10, what is 3 - 48609?
-48606
In base 3, what is -1121212 - 12110?
-1211022
In base 4, what is -3212331032 + 11?
-3212331021
In base 15, what is -1 + 2a7ca?
2a7c9
In base 11, what is 17a1 - 28?
1774
In base 12, what is -1 + 1648b2?
1648b1
In base 9, what is 25 - -36357?
36383
In base 8, what is -1157 - 335?
-1514
In base 8, what is 1 + 176?
177
In base 2, what is -110 - -11110100010011111?
11110100010011001
In base 15, what is -174 + 